 q(j) = 5*d(j) + 15*g(j). Determine q(v).
-15
Let v(a) = 3*a**2 + 795*a**3 + 7*a**2 - 3*a**2 + 12*a - 399*a**3 - 395*a**3 - 10. Give v(-5).
-20
Let w(x) = 3*x**3 + x**2. Let k = -159 + 141. Let p = 10 + 9. Let m = k + p. Determine w(m).
4
Let h(m) = m - 2. Let y be h(6). Let i(z) = 440810*z**2 - 67 - 440811*z**2 + 5*z + 62. What is i(y)?
-1
Let z(m) = -51 + 60 - 55 + 40*m - 114. Calculate z(4).
0
Suppose 0 = -5*c + 2*c. Let x(u) = -u + 12 + 5 + 9 - 11. Determine x(c).
15
Let i = 3421/40476 - 4/3373. Let c(h) be the second derivative of 1/6*h**3 + 2*h**2 - i*h**4 - 20*h + 0. Determine c(-4).
-16
Let x(v) = 64*v - 311. Let c(f) = 23*f - 104. Let s(i) = 17*c(i) - 6*x(i). Calculate s(0).
98
Suppose -3*a + 10 = 2*a. Let g(h) = 85*h - 43*h + h**a - 44*h. Let x be 3/(-9)*(-2 - 4). Give g(x).
0
Let r(t) = 3*t + 1. Let h = -308 - -178. Let u = 103 + h. Let k = 25 + u. Determine r(k).
-5
Suppose 5*w = -4*k + 1, -14*w - 5*k - 7 = -16*w. Let r(p) = 7*p - 14. Give r(w).
-7
Suppose -2*z + 38*z = 144. Let o = 11 + -1. Let l(b) = b + 1. Let x(a) = -2*a - 1. Let u(f) = o*l(f) + 6*x(f). Determine u(z).
-4
Let t(q) = q**2 - q - 6. Let u be ((-2)/(-6))/(9/243). Let v be (6*(-6)/(-81))/(2/u). Suppose -z = v*z. Give t(z).
-6
Let i(t) be the third derivative of t**5/60 - 5*t**4/24 - 31*t**3/6 + 3009*t**2. Calculate i(-3).
-7
Let l(g) = -7*g**3 - 7*g**2 - 7*g - 5. Let j(p) = 3*p**3 - 78*p**2 + 9*p - 236. Let t be j(26). Give l(t).
37
Let q(c) = -5 - 2 + 4 + 2. Let n(u) = -u**2 - 9*u + 9. Let k(w) = n(w) + 2*q(w). Suppose -20 = -2*o - 22, -d = -o + 7. Give k(d).
15
Let i(y) = -28*y + 50. Let w be ((-24)/(-14))/((-5)/(-7)) - 2/5. What is i(w)?
-6
Let j be -2 - (2/3)/((-2)/6). Let a(f) = f**2 - 4*f + 1. Let w be a(j). Let n(m) = 6*m**3 + m**2 + m - 1. Calculate n(w).
7
Suppose p + 3*p = 2*h + 18, 4*h = 3*p - 11. Suppose -3*f = -7*f - 2*b + 418, 0 = -p*f + 2*b + 518. Let s(n) = 0 - 1 + 100*n + n**2 - f*n. What is s(4)?
-1
Let y(q) = q + 13. Let j be y(-7). Let l be -1*12*31/(-62). Let r(k) = 5 - 12*k**3 + 11*k**3 + l*k**2 - 7. Determine r(j).
-2
Let n(i) = i**2 - 7*i + 1. Let x(d) = d**2 - 27*d - 22. Let l = -77 + 105. Let q be x(l). Determine n(q).
-5
Let k(z) = z**2. Let o(v) = v**3 + 6*v**2 - 7*v - 7. Let c(b) = 2*k(b) - o(b). Let u be 10*(-30 + 1534/52). What is c(u)?
-3
Let g(b) be the second derivative of 19*b + 0*b**3 + 0 + 1/60*b**5 + 0*b**2 + 17/12*b**4 - 1/120*b**6. Let k(h) be the third derivative of g(h). Determine k(2).
-10
Let h(z) = z + 6. Suppose -4*v - 3*v = -105. Let q be ((-4)/10)/((-3)/v). Let x be 2*q + (1 - -1). Give h(x).
12
Let z(l) = -l**3 + 6*l**2 + 8*l - 5. Suppose -1772*c = -1794*c + 132. Give z(c).
43
Let b = 47 + -43. Suppose -5*z + 20 = -4*a, b*a = z + z - 8. Let k(o) = 2 + 0*o - 3*o**2 - 4*o**2 + z*o**2 + 2*o. Give k(3).
-19
Suppose 185*j - 181*j = 48. Suppose -2*b + 42 = -2*h, 3*b - 28 = -0*b - 4*h. Suppose j*w - b*w = 24. Let i(o) = o**3 + 5*o**2 - 5*o + 2. Calculate i(w).
-4
Let a(u) be the third derivative of u**6/120 + u**5/4 - u**4/8 - 4*u**3/3 - 6*u**2 - 257. Give a(-15).
37
Let j(c) = -c**2 + 9*c - 1. Let b be (-425)/(-35) + 6/7. Suppose -3*r + 45 = -8*r. Let i = r + b. Calculate j(i).
19
Suppose 0 = -4*f + 2*d + 2, -f + 2*d + 1 + 1 = 0. Suppose f = -4*y + 5*v - 13, 2*y + 4 = 2*v - 4. Let m(x) = x**3 + 6*x**2 - 5*x + 5. What is m(y)?
-9
Let u(o) be the third derivative of 31*o**4/8 + 283*o**3/6 - 81*o**2 + 7. Give u(-3).
4
Let i(c) = -c**3 + 17*c**2 + 6. Let v be i(17). Suppose 4*k = -14 - v. Let r(b) be the first derivative of -b**3/3 - 3*b**2/2 + 5*b + 41. Determine r(k).
-5
Let o(i) = -i**2 - 53*i + 226. Let c be o(-57). Let h(g) be the first derivative of -g**4/4 - 2*g**3/3 + 3*g**2/2 + g + 81. Calculate h(c).
-5
Let x(g) = -g + 3. Let l be x(0). Let a(h) = -70*h + 64*h + 2*h**3 - l*h**3 + 5*h**2 + 13. Let v be a(4). Let f(j) = -3*j - 2. Give f(v).
-17
Let z(y) = 3 - 266 + 276 - 27*y. Give z(-4).
121
Let r = 10 - 6. Let s(v) = -v**2 + 6*v - 3. Let c be s(r). Let k(g) be the first derivative of -g**4/4 + 2*g**3 - 2*g**2 - 5*g + 510. What is k(c)?
0
Let q(l) be the second derivative of l**5/20 + 13*l**4/12 - l**3/3 - 10*l**2 - 272*l. Let f be q(-13). Let i(y) = -y**3 + 7*y**2 - 5*y - 3. Give i(f).
3
Suppose 0 = 2*p - s + 16, 3*p + 139*s = 136*s - 24. Let c(h) = h**2 + 4*h - 3. Let t be c(-5). Let u(q) = -2*q**2 + 2*q - q + q**t - 5 - 11*q. Calculate u(p).
11
Let j(r) = 24*r - 9. Let p(w) = 2*w**3 - 4*w**2 + 4. Let k be p(2). Let z be j(k). Let y(m) = -m + 87 + m**2 - z. Calculate y(3).
6
Suppose 0 = -13*x + 7*x + 12. Suppose -x*q = -4*q. Let j(k) be the second derivative of -k**3/6 - k**2/2 - 3*k. Calculate j(q).
-1
Let i(n) = -3*n**3 - n**2 - 4*n - 11. Suppose -2*h + w + 35 = 37, 5*w = 4*h - 2. What is i(h)?
17
Let s(m) be the third derivative of m**6/720 - m**5/24 - 209*m**4/24 - m**2 + 72*m. Let a(q) be the second derivative of s(q). What is a(-6)?
-11
Let d(c) be the second derivative of 2*c + 1/20*c**5 + 19 - 11/6*c**3 + 1/2*c**4 + 7/2*c**2. Give d(-8).
-33
Suppose -4*p + 7 = -1. Let o(h) = -3*h - 3*h**3 + 3 + 175*h**2 + 16*h**3 - 1 - 7*h**3 - 173*h**2 - 4*h**3. Give o(p).
20
Let o(l) = 4*l**2 - 34*l + 188. Let s be o(5). Suppose s*r - 117*r + 4 = 0. Let u(g) = -3*g - 18. Determine u(r).
-6
Let k = -1822 - -1823. Let c(v) be the first derivative of 15*v**2/2 - v + 64. Calculate c(k).
14
Suppose 5*m - m = 8. Let f(l) = -8*l**m + 2*l**2 - 9 + l**3 + 13. Calculate f(5).
-21
Suppose 5*w - 21 = -3*r + 2*w, -5*r = -5*w + 5. Let z(t) = t**3 - r*t + 1 + 0*t**3 + 23*t**2 - 25*t**2. Suppose 2*i - 5 = 1. Determine z(i).
1
Let g(i) = i + 1. Let w(h) = 4*h. Let k = 17 - 15. Suppose -5*r = -25, -k*a - 4*r + r + 19 = 0. Let s be w(a). What is g(s)?
9
Let x(w) = w**2 - 2*w + 2. Let h(v) = 70*v - 420. Let i be h(6). Calculate x(i).
2
Suppose 62*h - 57*h + 255 = -z, h - 4*z + 72 = 0. Let r(w) = 2*w**2 + 107*w + 152. Calculate r(h).
-4
Let u(z) = -33*z - 2. Let s(f) = 6*f + 2. Let p(r) = 5*s(r) + u(r). Determine p(-5).
23
Let b(c) = -c**3 - c**2 + 3*c - 1. Let l(y) = 4*y**3 + 3*y**2 - 12*y + 6. Let v(a) = 5*b(a) + l(a). Give v(-2).
-5
Let a(k) be the second derivative of k**6/120 + k**5/12 + k**4/8 - k**3/3 - 7*k**2 + 97*k. Let p(g) be the first derivative of a(g). What is p(-3)?
7
Let s(k) = 12*k - 7 - 68803*k**2 + 68806*k**2 - 18*k. Determine s(-2).
17
Let f = 209 - 205. Suppose -5*b - 12 = -8*a + 11*a, f*a = -16. Let h(w) be the third derivative of w**6/120 - w**4/24 - 4*w**3/3 + 3*w**2. Give h(b).
-8
Let t(l) = -2*l - 21. Let z be t(-9). Let n be 1 + z - (-8)/(6 + -2). Suppose 5*r = -8*s + 3*s - 5, -4*s - 5*r - 1 = n. Let a(f) = f**2 + f - 5. What is a(s)?
7
Suppose 0 = -25*r + 35*r - 30*r - 140. Let p(b) = -b**2 - 4*b + 28. What is p(r)?
7
Let t = -613 + 317. Let d = t - -301. Let p(u) = 2*u**2 - 6*u - 4. What is p(d)?
16
Let d(u) = -27*u**2 + 12*u**2 + 16*u**2. Let i(t) = t**3 - 3*t**2 + 8*t - 3. Let q(c) = -5*d(c) + i(c). Give q(7).
4
Let a be -4 + (2 - (-8 + 2)). Let y(c) = 5*c - a*c**3 - 2 - 4*c - 8*c**2 + 3*c**3 - 3*c + 2*c**2. Let s = -20 - -14. Calculate y(s).
10
Let i(c) = -c**3 + 2*c**2 - 2*c - 2. Let q be ((-21)/(-14))/(((-14)/(-52))/(-7)). Let h be (182/q + 5)*(5 + 1). Give i(h).
-6
Let g = -4887 - -4896. Let o(y) be the second derivative of y**5/20 - 2*y**4/3 - 5*y**3/3 + 3*y**2/2 + 9*y. What is o(g)?
-6
Let k(i) = -2*i**2 - 392*i + 1195. Let x be k(3). Let u(n) = -80*n**3 + 2*n**2 - n. What is u(x)?
-79
Let u(p) be the first derivative of p**3/3 - 25*p**2/2 + 138*p + 2256. What is u(17)?
2
Let v(u) be the first derivative of 2*u**3 - 6*u + 46 + 4*u**2 - 1/4*u**4. What is v(7)?
1
Let q(k) = -k**3 + 4*k**2 - 6*k + 58. Let f be q(5). Let o(w) = 23*w**2 + 118*w**f + 3 - 15*w**2 - 119*w**3 - 8*w. What is o(7)?
-4
Let k(p) = p**3 - 8*p**2 + p - 11. Let g be k(8). Let z(c) = -11*c + 46. Let r(l) = -4*l + 19. Let q(i) = 5*r(i) - 2*z(i). Calculate q(g).
-3
Let t(h) = -h**3 - 8*h**2 - 3*h + 3. Suppose -2*p - 2 = 0, v - 5 = 5*p + 7. Suppose 145 - 166 = v*o. Calculate t(o).
-33
Let n(l) = l**2 + 3*l - 5. Suppose 2*p - 186 = -74. Suppose 3*w + p = -11*w. Calculate n(w).
-1
Let i(a) = -87*a - 4. Let d(p) = 124*p + 5. Let s(l) = -2*d(l) - 3*i(l). Calculate s(2).
28
Let i(r) = 5*r - 139. Let q = -18048 + 18073. Determine i(q).
-14
Let p